= 2*d - 5*t, -4*d + 82 = -3*t. List the prime factors of d.
2, 11
Let j be 3/(-15) + 251/5. Suppose -k - 4*k = 3*m - 20, -2*m = -4*k - j. List the prime factors of m.
3, 5
Let j = -3 + 7. Let n = j + 0. Let f = 2 + n. What are the prime factors of f?
2, 3
Let m = 12 - 9. List the prime factors of 4*-1*-7 - m.
5
Suppose 11*h - 334 - 1624 = 0. What are the prime factors of h?
2, 89
Let k(x) = -5*x + 11. What are the prime factors of k(0)?
11
Let g = -64 - -83. List the prime factors of g.
19
Let t = 2 + -8. List the prime factors of 3/(1 + t/8).
2, 3
Let c(s) = -2*s + 5. Let r be c(5). Suppose q + 22 = 3*d, 46 + 4 = 5*d + 5*q. Let g = r + d. List the prime factors of g.
3
Suppose -5*u = 2*h - 10, -2*h - u + 0 = -2. Let b(o) = -6*o + h + 4 - 1 + 2*o**2 + 0. List the prime factors of b(4).
11
Let m(x) = -x**3 - 3*x**2 - 2*x - 1. Let u be m(-3). Suppose a = u*a - 8. List the prime factors of -1 + (4 - -1 - a).
2
Let o = -61 - -38. Let h = -35 - o. What are the prime factors of (-2)/6 + (-148)/h?
2, 3
Let n(a) be the first derivative of -2*a + 2*a**2 + 3*a - 1 - 2*a. List the prime factors of n(3).
11
Let y be (-8)/12 + (-11)/(-3). Suppose y = x + 1. Suppose x*i = 39 - 9. What are the prime factors of i?
3, 5
Let h = 1 + -2. Let c be (2 - 20)*1/h. Let i = c + -3. What are the prime factors of i?
3, 5
Let n = -3 - -2. Let m = n + 3. Suppose -2*d - 4 = -2*s, -m*s - s + 12 = -d. What are the prime factors of d?
3
Suppose -4*y + y + 193 = -4*d, 8 = -2*d. List the prime factors of y.
59
Let k(g) = 2*g**2 + 12*g - 3. What are the prime factors of k(-11)?
107
Suppose 4*k + 13 = 4*h - 27, -h + 14 = -2*k. List the prime factors of (14/h)/((-6)/(-36)).
2, 7
Let q(g) be the second derivative of 0 + 2*g + 1/3*g**3 - 4*g**2. List the prime factors of q(9).
2, 5
Suppose 7*c - 1535 = -37. What are the prime factors of c?
2, 107
Let w(x) = -x + 4. Let z be w(-4). Let v(m) = m**2 - 4*m + 6. Let t be v(4). Let o = z - t. List the prime factors of o.
2
Suppose 4*r + 81 = -15. What are the prime factors of ((-63)/12)/(6/r)?
3, 7
Let f(a) = -a**2 - 3*a + 4. Let j be f(-4). Suppose j = g - 4 - 8. What are the prime factors of g?
2, 3
Let n(h) = 2*h**3 + 4*h**2 - h + 1. Let c be n(3). What are the prime factors of (-3)/((-12)/c) + -3?
19
Suppose -5*j + 40 = -5*c, 4 = 5*j + c - 42. List the prime factors of j.
3
Suppose f = 2*f + 5. Let j be (-2)/f - 64/10. Let g = j + 14. What are the prime factors of g?
2
Suppose -2*o = 2*o + 20, 0 = w - 2*o - 53. What are the prime factors of w?
43
Suppose 2 + 15 = -5*x + p, 2*x = -4*p + 2. Let m be ((-1)/x)/((-2)/(-24)). Suppose 4*a = 4*v - 20, -3*a + m = -8. What are the prime factors of v?
3
Suppose 0 = i + 5*t, -i + 18 = -2*t - 10. What are the prime factors of i?
2, 5
Let k(o) = -9*o - 7. Suppose -3*f - 28 = f. Let g be k(f). Suppose 0 = 2*n + 2*n - g. List the prime factors of n.
2, 7
Let n(c) = c - 1. Let g(q) = -q - 1. Let r be g(0). Let m(j) = j**3 + 7*j**2 + 5*j - 1. Let o(v) = r*m(v) - n(v). What are the prime factors of o(-6)?
2
List the prime factors of 2/11 - 3776/(-44).
2, 43
Let l = -4 + 1. Let k(s) = -s**3 - 4*s**2 + 2*s + 6. Let i be k(-4). What are the prime factors of l + -4*(-6 - i)?
13
Let f(u) = -u**3 + 2*u**2 + 2. Let q be f(2). Suppose 0 = -q*g + 62 - 16. What are the prime factors of g?
23
Let v(z) = 8*z**2 + 2*z**3 - 7*z + 1 + 0*z**3 + 3 - 3*z**3. Let q(i) = -i**3 + 8*i**2 - 7*i + 4. Let n(c) = 7*q(c) - 6*v(c). List the prime factors of n(7).
2
Suppose 5*g - 5 = 10. Suppose -2*f = -4*d + 56, -4*d - g*f + 0*f = -76. List the prime factors of d.
2
Let w = 11 + 22. What are the prime factors of w?
3, 11
Let u(i) be the first derivative of i**4/4 - i**3 - 3*i**2/2 + 4*i - 1. Let p = 5 + -1. What are the prime factors of u(p)?
2
Let g(c) = -c - 6. Let t be g(-6). Suppose -5*u = -t*u. List the prime factors of ((-14)/(-4) - u)*2.
7
Let n be 9/6*18/3. What are the prime factors of -2*(-2)/4*n?
3
Let d(l) = l**3 + 3*l**2 + 2*l + 3. Suppose 16 = -0*b - 4*b. Let v = b - -2. List the prime factors of d(v).
3
Suppose 3*m - 30 - 117 = 0. What are the prime factors of m?
7
Suppose -5*k + 5*c + 261 = 3*c, 169 = 3*k + 5*c. List the prime factors of k.
53
Let f = 3 + 1. Let c(w) be the first derivative of w**3/3 - 3*w**2/2 + 3*w - 1. List the prime factors of c(f).
7
Suppose 192 = -t + 5*t. Suppose -2*c + t = 2*c. What are the prime factors of c?
2, 3
Suppose -d - 251 = -3*t, 0 = -3*t - d - 0*d + 259. What are the prime factors of t?
5, 17
Let m(y) = 3*y + 5. Let s be (-14)/(-35) + (-18)/(-5). List the prime factors of m(s).
17
Suppose 7*r = 4*r + 348. List the prime factors of r.
2, 29
Suppose v = 4*j - 2*v - 7, -5*j - v = -4. Let l = 8 - 3. List the prime factors of -1*(2 - j) + l.
2
List the prime factors of ((-1)/(-3) - (-850)/15)/1.
3, 19
Suppose 5*g = 7 + 8. List the prime factors of g.
3
What are the prime factors of (-781)/(-33) + (-2)/3?
23
Let d(p) = -3 + 2*p + p - 2*p. Let v be d(6). Let h(i) = -i**2 + 7*i - 2. List the prime factors of h(v).
2, 5
Suppose -t + 1 = -2*t. What are the prime factors of (1/(-1))/(t/5)?
5
Let t be ((-3)/(-2))/((-2)/20). Let z = 26 + t. List the prime factors of z.
11
Suppose 2 = -2*g, j = 5*g - 2*g + 82. List the prime factors of j.
79
Let z(w) = -w**3 - w**2 + 55. Let p be z(0). Suppose p = 4*j + 23. What are the prime factors of j?
2
Let v = 10 - 3. Suppose 2*b - 33 = -v. What are the prime factors of b?
13
Suppose 4*j - 2*r + 6*r - 28 = 0, -j - 4*r + 16 = 0. Suppose -2*u - 5 = -u + j*d, -22 = -4*u - 2*d. List the prime factors of u.
7
Let d(c) = c - 4. Let q be d(6). Suppose 0 = r + r - 6. What are the prime factors of 3*(q - r)*-1?
3
What are the prime factors of ((0 - 5) + 6)*(0 + 12)?
2, 3
Let f(z) = z**2 + 3*z - 6. Let w be f(-5). Suppose -172 = -w*i + 60. List the prime factors of i.
2, 29
Let a(r) = r + 3. Let k be a(0). Suppose -4*q + k = -29. List the prime factors of q.
2
Suppose m = -2*m + 21. What are the prime factors of m?
7
Let i(v) = -v + 5. Let d be i(0). Suppose -2*x - 1 = -d*s, -1 = -0*s - s. What are the prime factors of x?
2
Suppose 2*q = 2*i + 3*i + 57, -3*q = -4*i - 103. What are the prime factors of q?
41
Let w be -9 - (0 + 3 - 1). Let t = 22 + w. List the prime factors of t.
11
Let z(r) = -r**3 + 7*r**2 - 6*r + 4. Let i be z(6). Suppose 0 = -2*p - i, -5*k - 5*p + 205 = -0*p. What are the prime factors of k?
43
Suppose 3*g = 3, 4*z - 4*g + 2*g - 2 = 0. List the prime factors of 30/((-2 + 3)/z).
2, 3, 5
Let n(p) = -p**3 + 9*p**2 + 7*p - 10. List the prime factors of n(9).
53
Let q = 10 + 38. What are the prime factors of q?
2, 3
Suppose 4 = 2*j - j. Suppose -2*g = -3*g + j, 5*g = 3*r + 8. What are the prime factors of r?
2
Let c be 3/(2/(30/9)). Suppose 0 = -2*r + c*r - 12. Suppose h - 3*l = 16, h = -0*h - r*l - 5. List the prime factors of h.
7
Let w = -138 - -329. List the prime factors of w.
191
Let l(n) = -n**3 - 8*n**2 - 5*n - 6. What are the prime factors of l(-8)?
2, 17
Let m be (1 + -13)/(-2) - 1. Let l = 1 + m. What are the prime factors of l?
2, 3
What are the prime factors of (2 - -1) + 8/(40/375)?
2, 3, 13
Suppose -12 - 3 = -5*n. Let h(l) = l + 1. Let v be h(n). Suppose 4*k + v*i = 36, 6*i - 3*i = 9. What are the prime factors of k?
2, 3
Let c = 95 + -75. List the prime factors of c.
2, 5
Suppose 2*s + s = 3. Suppose -a + 6 = s. What are the prime factors of a?
5
Let r = 7 + -2. Suppose 3*x - 4*s + 10 + 17 = 0, -4*x - 5*s = r. Let l = 10 + x. What are the prime factors of l?
5
Let t(z) = -4*z**3 - z - 1. Let h(o) = o**2 + 4*o - 6. Let c be h(-5). Let s be t(c). What are the prime factors of (-303)/(-33) - s/22?
3
Let l(h) = h**3 + 6*h**2 - 2*h - 6. Let i be l(-6). Suppose 2*c = -c + i. Suppose c*q - 14 - 12 = 0. List the prime factors of q.
13
Suppose -5*a + 25 = -5*z, 5*a - 2*z - 25 = -0*z. Let w(g) = g + 2. List the prime factors of w(a).
7
Let g = -5 - -8. Suppose g*c = 2*y - 2, -20 = -y - 4*y. List the prime factors of ((-4)/10)/(c/(-30)).
2, 3
Suppose -4*m - 2*p + 84 = 0, -7*p + 2*p + 58 = 2*m. Suppose 0 = -0*q - 2*q - y + m, 2*y + 52 = 5*q. What are the prime factors of q?
2, 5
Let c be (0 + 0)/(14 + -12). Suppose -2*o - 8 = c, -3*h + o + 123 = -2*o. What are the prime factors of h?
37
Let c be (-1)/3 + (-3)/(-9). Suppose x - 13 = -c*x. Wha